{"id":11,"date":"2017-01-08T08:18:12","date_gmt":"2017-01-08T08:18:12","guid":{"rendered":"http:\/\/martje-thiesen.de\/?page_id=11"},"modified":"2017-04-28T18:59:45","modified_gmt":"2017-04-28T18:59:45","slug":"kursangebot","status":"publish","type":"page","link":"https:\/\/martje-thiesen.de\/?page_id=11","title":{"rendered":"Kursangebot"},"content":{"rendered":"<p>Die aktuellen Termine gibt es hier: <a href=\"http:\/\/martje-thiesen.de\/?p=28\">Aktuelle Kurse<\/a><\/p>\n<p><strong>Geburtsvorbereitung<\/strong><\/p>\n<p>Geburtsvorbereitung ist wichtig! W\u00e4hrend dieses Kurses hast Du die M\u00f6glichkeit andere Frauen kennenzulernen und Erfahrungen auszutauschen.<br \/>\nWir haben 6 Termine an denen wir uns gezielt mit der K\u00f6rperwahrnehmung, Atmung und Entspannung, Schwangerschaftsver\u00e4nderungen, unterschiedlichen Geb\u00e4rhaltungen und Massagen, die die Gebutrsarbeit erleichtern, besch\u00e4ftigen. Nat\u00fcrlich gibt es viele Tipps und Informationen rund um das schwanger sein, die Geburt, die erste Zeit mit einem Neugeborenen und seinen Bed\u00fcrfnissen, die Herausforderungen des Elternseins und der Stillzeit.<\/p>\n<p>Zwei Termine ( diese beschlie\u00dfen wir Frauen an unserem 1. Kurstermin) sind offen f\u00fcr die Partner- einmal schauen wir uns gemeinsam und ohne Zeitdruck den Husumer Krei\u00dfsaal an und gehen gemeinsam alle Eventualit\u00e4ten durch- was passiert eigentlich wenn wir mit Wehen im Kreisssaal ankommen? Was f\u00fcr eine Arbeit muss das Kind dabei leisten und wie k\u00f6nnen wir als Eltern unserem Baby diesen Weg durch bestimmete Positionen erleichtern? Welche Alternativen zur PDA gibt es? Wie ist eigentlich so eine Geburt? Dammschnitt oder nicht? Augentropfen? F\u00fcr all diese Fragen ist an diesem Termin Zeit. Ein andernmal arbeiten wir uns in der Praxis zusammen durch die Ver\u00e4nderungen, die das Leben dann zu dritt, zu viert, zu f\u00fcnft&#8230;. so mit sich bringt. Das Abenteuer Familie kann kommen<\/p>\n<p class=\"style12\">Nimm Dir die Zeit f\u00fcr Dich und Dein Baby \u2665!<\/p>\n<p class=\"style12\">Der Kurs ist bei Teilnahme eine Leistung Deiner Krankenkasse- Fehlstunden werden privat in Rechnung gestellt. Die Partnertermine kosten 20 Euro pro Termin- auch hier lohnt es sich bei der Kasse des Mannes nachzufragen.<\/p>\n<p><strong>R\u00fcckbildungsgymnastik<\/strong><\/p>\n<p>Durch die Schwangerschaft und Geburt ist der Beckenboden stark beansprucht. Durch die Teilnahme an einem R\u00fcckbildungskurs ist zwar nicht sofort alles wieder super, aber Du bekommst eine F\u00fclle von \u00dcbungen, die Dir helfen werden zu Hause effektive Beckenbodenarbeit zu machen. Ganz nebenbei triffst Du Frauen mit denen Du Dich austauschen kannst und es ist immer gen\u00fcgend Zeit die eine oder andere Frage zu besprechen.<\/p>\n<p>Der Kurs ist bei Teilnahme eine Leistung Deiner Krankenkasse- Fehlstunden werden privat in Rechnung gestellt.<\/p>\n<p>&nbsp;<\/p>\n<p><strong>Babymassage<\/strong><\/p>\n<div data-canvas-width=\"391.51544999999993\">Ber\u00fchrt, gestreichelt und massiert werden,<\/div>\n<div data-canvas-width=\"289.428\">das ist Nahrung f\u00fcr das Kind.<\/div>\n<div data-canvas-width=\"316.91297999999995\">Nahrung, die genauso wichtig ist<\/div>\n<div data-canvas-width=\"381.17453999999987\">wie Mineralien, Vitamine und Proteine.<\/div>\n<div data-canvas-width=\"222.27749999999995\">Nahrung, die Liebe ist.<\/div>\n<div data-canvas-width=\"335.64036\">Wenn ein Kind sie entbehren muss,<\/div>\n<div data-canvas-width=\"201.44615999999996\">will es lieber sterben.<\/div>\n<div data-canvas-width=\"156.0615\">und nicht selten<\/div>\n<div data-canvas-width=\"183.18869999999993\">stirbt es wirklich.\u201c<\/div>\n<p>F.Leboyer<\/p>\n<p>Babies brauchen Z\u00e4rtlichkeit f\u00fcr ihre gesunde k\u00f6rperliche und geistige Entwicklung. Massage ist eine wunderbare M\u00f6glichkeit das Baby mit Streicheleinheiten zu verw\u00f6hnen und tut rundum gut, denn die Massage lindert Bl\u00e4hungen, unterst\u00fctzt beim Zahnen, entspannt das quengelige Kind, verbessert Schlaf, Atmung, Verdauung und Kreislauf und st\u00e4rkt die Abwehr und ihr habt einfach eine sch\u00f6ne Stunde, ganz beieinander.<\/p>\n<p>5 Termine 50 Euro inkl. Skript, Massage\u00f6l von Primavera und Tee&#8230;&#8230;&#8230;..manchmal auch Kaffee&#8230;&#8230;.<\/p>\n<p><strong>Beikosteinf\u00fchrung<\/strong><\/p>\n<p>Meist am Ende eines R\u00fcckbildungsblockes treffen wir uns alle mit unseren Kindern in der Praxis und sprechen \u00fcber wann, was, wieviel und wie das so geht mit dem Zuf\u00fcttern &#8211; ist gar nicht so kompliziert&#8230;..<\/p>\n<p><strong>Yoga<\/strong><\/p>\n<p class=\"style12\">In all den Jahren habe ich gemerkt, das die K\u00f6rperarbeit vor lauter Fragen und Unsicherheiten im Geburtsvorbereitungskurs immer weniger Platz findet, gleichzeitig aber so wichtig ist- denn Du musst deinen K\u00f6rper kennen, gleichzeitig Deinen Geist beruhigen, nicht abdriften vor lauter Wucht, die so eine Geburt manchmal sein kann. Bei Dir bleiben. Loslassen und weiteratmen. Akzeptieren, das Dein Baby geboren werden will und : Vertrauen.<\/p>\n<p class=\"style12\">Was das jetzt mit Yoga zu tun hat? Yoga schafft es, versprochen\u2665<\/p>\n<p class=\"style12\">Jeden Donnerstag von 18 bis 19.30 Uhr, fortlaufend. Buchbar in 5 er Bl\u00f6cken a 60 Euro.<\/p>\n<p class=\"style12\">Du machst hier Urlaub und m\u00f6chtest ein, zwei, dreimal Yoga mitmachen- kein Problem- schreib mir einfach unter martje.thiesen@web.de<\/p>\n<p><strong>Milchkaffee<\/strong><\/p>\n<p>Du bist schwanger und hast Fragen, weil Du leider keine Hebamme hast ? Oder Du m\u00f6chtest Dich einfach mit anderen Frauen austauschen und gute Geburtsgeschichten h\u00f6ren- jaaaa GUTE- wir sollten uns vielmehr gute, kraftgebende und mutspendende Geburtsgeschichten erz\u00e4hlen \u2665 denn die gibt es auch. Oder Dein Baby ist schon da und Du m\u00f6chtest wissen, ob es gedeiht? Du hast Fragen zur Beikosteinf\u00fchrung oder zum Stillen? F\u00fcr alle Fragen rund um Schwangerschaft und die Stillzeit bzw die Ern\u00e4hrung des S\u00e4uglings gibt es dieses Angebot- in angenehmer Atmosph\u00e4re mit anderen Frauen und Babies und mir nat\u00fcrlich. Die Themen bestimmt ihr, ich versuche zu helfen. Tee, Kaffee, Wasser ich- den Rest ihr. Termine werden angek\u00fcndigt- bitte unbedingt nur per mail anmelden- erfahrungsgem\u00e4\u00df ist das Milkchkaffee immer gut besucht .<\/p>\n<p>&nbsp;<\/p>\n<p><strong>Die Kurse k\u00f6nnen von jeder Frau gebucht werden, unabh\u00e4ngig davon, ob die Begleitung im Wochenbett von einer anderen Hebamme erfolgt.<\/strong><\/p>\n","protected":false},"excerpt":{"rendered":"<p>Die aktuellen Termine gibt es hier: Aktuelle Kurse Geburtsvorbereitung Geburtsvorbereitung ist wichtig! W\u00e4hrend dieses Kurses hast Du die M\u00f6glichkeit andere Frauen kennenzulernen und Erfahrungen auszutauschen. Wir haben 6 Termine an denen wir uns gezielt mit der K\u00f6rperwahrnehmung, Atmung und Entspannung, Schwangerschaftsver\u00e4nderungen, unterschiedlichen Geb\u00e4rhaltungen und Massagen, die die Gebutrsarbeit erleichtern, besch\u00e4ftigen. Nat\u00fcrlich gibt es viele Tipps [&hellip;]<\/p>\n","protected":false},"author":1,"featured_media":0,"parent":0,"menu_order":0,"comment_status":"closed","ping_status":"closed","template":"","meta":{"footnotes":""},"class_list":["post-11","page","type-page","status-publish","hentry"],"_links":{"self":[{"href":"https:\/\/martje-thiesen.de\/index.php?rest_route=\/wp\/v2\/pages\/11","targetHints":{"allow":["GET"]}}],"collection":[{"href":"https:\/\/martje-thiesen.de\/index.php?rest_route=\/wp\/v2\/pages"}],"about":[{"href":"https:\/\/martje-thiesen.de\/index.php?rest_route=\/wp\/v2\/types\/page"}],"author":[{"embeddable":true,"href":"https:\/\/martje-thiesen.de\/index.php?rest_route=\/wp\/v2\/users\/1"}],"replies":[{"embeddable":true,"href":"https:\/\/martje-thiesen.de\/index.php?rest_route=%2Fwp%2Fv2%2Fcomments&post=11"}],"version-history":[{"count":6,"href":"https:\/\/martje-thiesen.de\/index.php?rest_route=\/wp\/v2\/pages\/11\/revisions"}],"predecessor-version":[{"id":95,"href":"https:\/\/martje-thiesen.de\/index.php?rest_route=\/wp\/v2\/pages\/11\/revisions\/95"}],"wp:attachment":[{"href":"https:\/\/martje-thiesen.de\/index.php?rest_route=%2Fwp%2Fv2%2Fmedia&parent=11"}],"curies":[{"name":"wp","href":"https:\/\/api.w.org\/{rel}","templated":true}]}}